
What are the prime factors of 51474?
2, 3, 23, 373
What are the prime factors of 1034760?
2, 3, 5, 8623
What are the prime factors of 4519606?
2, 7, 13, 19, 1307
What are the prime factors of 616156?
2, 31, 4969
What are the prime factors of 162639?
3, 17, 1063
List the prime factors of 29116797.
3, 19, 197, 2593
What are the prime factors of 11914?
2, 7, 23, 37
What are the prime factors of 898074?
2, 3, 16631
What are the prime factors of 299008?
2, 73
List the prime factors of 398760.
2, 3, 5, 3323
List the prime factors of 1624674.
2, 3, 23, 61, 193
What are the prime factors of 1498493?
89, 113, 149
What are the prime factors of 2297782?
2, 31, 37061
What are the prime factors of 1085382?
2, 3, 17, 3547
List the prime factors of 947910.
2, 3, 5, 19, 1663
What are the prime factors of 258420?
2, 3, 5, 59, 73
What are the prime factors of 3322381?
643, 5167
What are the prime factors of 341371?
541, 631
List the prime factors of 238404.
2, 3, 19867
List the prime factors of 11208818.
2, 83, 67523
List the prime factors of 8305870.
2, 5, 830587
List the prime factors of 6732055.
5, 11, 122401
List the prime factors of 20706562.
2, 89, 116329
List the prime factors of 148608.
2, 3, 43
List the prime factors of 10180205.
5, 7, 239, 1217
List the prime factors of 8700687.
3, 47, 67, 307
What are the prime factors of 3202622?
2, 61, 26251
List the prime factors of 1720807.
11, 156437
What are the prime factors of 187084?
2, 46771
List the prime factors of 99532.
2, 149, 167
What are the prime factors of 236966?
2, 109, 1087
List the prime factors of 439654.
2, 17, 67, 193
What are the prime factors of 802226?
2, 401113
What are the prime factors of 18748940?
2, 5, 7, 157, 853
List the prime factors of 20245985.
5, 641, 6317
What are the prime factors of 97282?
2, 127, 383
What are the prime factors of 503758?
2, 251879
What are the prime factors of 293443?
71, 4133
List the prime factors of 5022465.
3, 5, 7, 31, 1543
What are the prime factors of 1974716?
2, 103, 4793
List the prime factors of 1244421.
3, 37, 101
What are the prime factors of 18194663?
181, 100523
What are the prime factors of 141289?
23, 6143
List the prime factors of 2392863.
3, 11, 59, 1229
List the prime factors of 53587.
41, 1307
What are the prime factors of 294193?
23, 12791
What are the prime factors of 519153?
3, 131, 1321
List the prime factors of 545996.
2, 11, 12409
What are the prime factors of 5306215?
5, 23, 46141
List the prime factors of 72727.
72727
List the prime factors of 373.
373
What are the prime factors of 14220252?
2, 3, 353, 373
List the prime factors of 4571393.
409, 11177
List the prime factors of 274227.
3, 17, 19, 283
What are the prime factors of 362669?
31, 11699
List the prime factors of 1483911.
3, 11, 13, 1153
What are the prime factors of 2159211?
3, 233, 3089
List the prime factors of 8178421.
8178421
List the prime factors of 4092667.
4092667
What are the prime factors of 701911?
7, 197, 509
What are the prime factors of 436637?
37, 11801
What are the prime factors of 1364695?
5, 191, 1429
List the prime factors of 6848069.
701, 9769
What are the prime factors of 768023?
43, 53, 337
What are the prime factors of 51934?
2, 23, 1129
What are the prime factors of 6153532?
2, 7, 11, 19979
What are the prime factors of 19970?
2, 5, 1997
What are the prime factors of 1152848?
2, 72053
List the prime factors of 1640418.
2, 3, 13, 21031
What are the prime factors of 305313?
3, 101771
List the prime factors of 154646.
2, 77323
List the prime factors of 259905.
3, 5, 17327
List the prime factors of 507851.
19, 26729
What are the prime factors of 388630?
2, 5, 11, 3533
What are the prime factors of 519204?
2, 3, 7, 883
List the prime factors of 4067931.
3, 7, 27673
List the prime factors of 1581900.
2, 3, 5, 5273
List the prime factors of 7543227.
3, 37, 67957
List the prime factors of 4309714.
2, 59, 36523
List the prime factors of 9992587.
11, 908417
What are the prime factors of 1488456?
2, 3, 2297
What are the prime factors of 1328543?
67, 79, 251
What are the prime factors of 318695?
5, 13, 4903
List the prime factors of 614050.
2, 5, 12281
List the prime factors of 15461458.
2, 659, 11731
What are the prime factors of 4387682?
2, 13, 37, 4561
What are the prime factors of 1102586?
2, 17, 32429
What are the prime factors of 64343?
37, 47
List the prime factors of 2274803.
41, 113, 491
What are the prime factors of 10944494?
2, 11, 19, 26183
List the prime factors of 3135809.
3135809
What are the prime factors of 951129?
3, 35227
List the prime factors of 4981521.
3, 1660507
List the prime factors of 443689.
443689
List the prime factors of 6960598.
2, 3480299
List the prime factors of 91720.
2, 5, 2293
List the prime factors of 9828322.
2, 7, 14327
What are the prime factors of 47680?
2, 5, 149
What are the prime factors of 107141?
19, 5639
What are the prime factors of 269492?
2, 89, 757
What are the prime factors of 139252?
2, 31, 1123
List the prime factors of 435527.
37, 79, 149
List the prime factors of 2929969.
7, 89, 4703
List the prime factors of 1225582.
2, 612791
What are the prime factors of 2746885?
5, 83, 6619
List the prime factors of 582664.
2, 173, 421
What are the prime factors of 624389?
41, 97, 157
List the prime factors of 7180723.
11, 439, 1487
What are the prime factors of 28721432?
2, 17, 211187
What are the prime factors of 1738298?
2, 599, 1451
What are the prime factors of 451959?
3, 79, 1907
What are the prime factors of 66449?
66449
List the prime factors of 1651244.
2, 7, 17, 3469
What are the prime factors of 2237453?
101, 22153
What are the prime factors of 4039083?
3, 31, 467
What are the prime factors of 1749029?
1749029
List the prime factors of 50380.
2, 5, 11, 229
List the prime factors of 20121985.
5, 13, 23813
List the prime factors of 229907.
149, 1543
List the prime factors of 200064.
2, 3, 521
List the prime factors of 4604755.
5, 920951
What are the prime factors of 2210891?
2210891
List the prime factors of 216287.
31, 6977
List the prime factors of 303743.
11, 53, 521
List the prime factors of 1019514.
2, 3, 169919
List the prime factors of 248191.
283, 877
List the prime factors of 711555.
3, 5, 13, 41, 89
List the prime factors of 621728.
2, 19429
List the prime factors of 193566.
2, 3, 32261
List the prime factors of 402313.
402313
What are the prime factors of 15299931?
3, 5099977
List the prime factors of 573853.
7, 73, 1123
What are the prime factors of 6868623?
3, 223, 10267
What are the prime factors of 12455152?
2, 17, 29, 1579
What are the prime factors of 7338160?
2, 5, 29, 3163
What are the prime factors of 15883?
7, 2269
What are the prime factors of 8722669?
1373, 6353
What are the prime factors of 1374723?
3, 7, 21821
What are the prime factors of 8502388?
2, 433, 4909
List the prime factors of 10344928.
2, 11, 29389
What are the prime factors of 1508065?
5, 13, 23201
List the prime factors of 71618.
2, 35809
What are the prime factors of 941405?
5, 188281
What are the prime factors of 9251450?
2, 5, 13, 43, 331
List the prime factors of 11983532.
2, 11, 272353
List the prime factors of 78872.
2, 9859
List the prime factors of 207917.
19, 31, 353
List the prime factors of 254449.
13, 23, 37
What are the prime factors of 538067?
17, 31, 1021
List the prime factors of 27949.
19, 1471
List the prime factors of 49957.
49957
List the prime factors of 3194643.
3, 31, 34351
List the prime factors of 527690.
2, 5, 52769
List the prime factors of 1088547.
3, 491, 739
What are the prime factors of 5625165?
3, 5, 7, 13, 317
List the prime factors of 239360.
2, 5, 11, 17
What are the prime factors of 77110?
2, 5, 11, 701
What are the prime factors of 285409?
269, 1061
List the prime factors of 299044.
2, 74761
What are the prime factors of 199015?
5, 53, 751
List the prime factors of 1372250.
2, 5, 11, 499
List the prime factors of 90976.
2, 2843
List the prime factors of 90886.
2, 29, 1567
What are the prime factors of 1183984?
2, 73999
What are the prime factors of 432409?
181, 2389
What are the prime factors of 7406103?
3, 2468701
What are the prime factors of 420054?
2, 3, 70009
List the prime factors of 2207330.
2, 5, 307, 719
List the prime factors of 32501419.
19, 1710601
What are the pr